 2*j = 4*g + 10, -4*j = 5*g - j - 15. Suppose g = 6*c - 4*c. Suppose -3*x + c*s = s - 91, 5*x - s - 141 = 0. What is the units digit of x?
9
Let j be 14 - ((-130)/(-35) - (-4)/14). Suppose j*l - 6*l - 812 = 0. What is the tens digit of l?
0
Suppose -2*q - 5*g = -4777, 2*q + 4*g - 820 = 3956. What is the units digit of q?
6
Let w(z) = 1 + 63*z**2 + 76*z**2 - 25*z**2 - 19*z**2. Let c be w(-1). Suppose 0 = -4*p + 4*j + c, j = 4*p - j - 88. What is the tens digit of p?
2
Suppose d - 343 = -0*d. What is the hundreds digit of d?
3
Suppose r + 5*j - 159 = 254, 0 = 5*r + 2*j - 2019. What is the units digit of r?
3
Let m(z) = 3*z**2 + 5*z + 7. Let g = 45 - 39. Let y be m(g). Let q = -93 + y. What is the units digit of q?
2
Let j(q) = 8*q**2 - 126*q + 53. What is the units digit of j(35)?
3
Let d(c) = -10*c**3 - 7*c**2 + 13*c + 53. What is the units digit of d(-5)?
3
Let v(l) = 39*l - 11. What is the units digit of v(13)?
6
Let m = 389 - -307. Let p = m + -442. What is the units digit of p?
4
Suppose 200 = 5*x - 5*j, 5*j + 18 = 3. Suppose 4*c + 88 = -4*f, -f - 3*c = -6*c + 22. Let z = f + x. What is the units digit of z?
5
Let a(x) = -x**2 - 76*x - 82. What is the tens digit of a(-51)?
9
Let i(w) = -2*w**3 - 5*w**2 - 6*w. Let a(t) = t**3 - 9*t**2 + 10*t - 20. Let x be a(8). What is the units digit of i(x)?
2
Suppose 5*b - 15 = -0*b. Suppose 0*o - b*o - 9 = 0. Let h(v) = -v**2 - 6*v - 4. What is the units digit of h(o)?
5
Let a = 472 - 231. What is the tens digit of a?
4
Let g(s) = 27*s + 14. What is the units digit of g(12)?
8
Suppose 12*k = -176 - 4. What is the units digit of ((-25)/k)/(1/3)?
5
What is the units digit of (102/(-6))/(1/(-58))?
6
Let j(t) = 8*t - 32. Let r be j(5). Let h(z) = -z**3 + 12*z**2 - 6*z - 15. What is the tens digit of h(r)?
9
Let p = -21 + 39. Let d = 15 + -23. Let s = p - d. What is the tens digit of s?
2
Suppose -3*i = -568 - 107. Suppose q - 107 = 4*y + 2, 0 = 2*q - y - i. What is the hundreds digit of q?
1
What is the units digit of 36/(-45)*-5 - (-2049)/3?
7
Let n = 21 - 19. Suppose 5*h - 3*w + 50 = 328, -n*h - 4*w + 132 = 0. What is the units digit of h?
8
Let h be (0 - -2)*1 - -502. Suppose -2*y + h = 158. What is the units digit of y?
3
Let s be (-6)/4*156/9. Let a = 34 + s. What is the units digit of (-2)/(-8) + 6/a?
1
What is the tens digit of ((-5672)/(-12))/((-30)/(-45))?
0
Let o be (3 + -1)/((-2)/(-25)). Suppose 3*k + 2*k = 3*p + 33, 4*p + 3*k = -44. Let m = p + o. What is the units digit of m?
4
Suppose -24 = -2*p - 4*n, 7 = -p + 3*n - 1. Suppose -10 = -2*f + 3*g - 2*g, -10 = -3*f + p*g. Suppose -4*i = -f*i + 90. What is the units digit of i?
5
Suppose 28*v - 17466 = 34502. What is the tens digit of v?
5
Let g = 49 - 79. What is the tens digit of 419/6 - ((-175)/g + -6)?
7
Suppose -8*m + 3*m = r - 123, 0 = -3*m - 4*r + 67. Let t = 30 + m. What is the units digit of t?
5
Suppose 2*h = -4*x + 28, -3*h = -x - 0*x - 7. Suppose x = 4*i - 203. What is the units digit of i?
2
Let y be (-2)/4*6*2. What is the tens digit of (-119 + -5)*3/y?
6
Let u(j) = 3*j**2 - 55*j + 176. What is the hundreds digit of u(30)?
2
Let z(g) = 67*g + 168. What is the units digit of z(11)?
5
Let a(q) = -q - 1. Let l be a(6). Let x(o) = o**2 + o + 4. What is the tens digit of x(l)?
4
Suppose 3*l = 6*l + 4*o - 46, -2*o + 48 = 4*l. Suppose z = 3*c - 5*c - 2, c = 2*z - 6. Let g = l - z. What is the units digit of g?
8
Suppose 20 = -3*a + 13*a. Suppose 5*o + 4*q - 347 - 81 = 0, -o + 94 = -a*q. What is the units digit of o?
8
Suppose 2*r + 4*w = -22, 2*r + 0*w - 10 = 4*w. Let l be (-18)/(-6)*(-98)/r. Suppose l = -2*t + 4*t. What is the units digit of t?
9
What is the thousands digit of 92/44 - 2 - 1198150/(-275)?
4
What is the units digit of 1544 - 0*4/(16/(-4))?
4
Let z(y) = -36*y**3 + 2*y**2 + 2*y + 4. What is the hundreds digit of z(-2)?
2
Suppose 0 = -z - 5*x + 195, -4*z + 2*x = -3*x - 705. What is the hundreds digit of z?
1
Suppose 6*z = 205 - 109. What is the units digit of z?
6
Let u(n) be the first derivative of 4*n**3/3 + 4*n**2 - 3*n - 5. Let h(d) = 3*d**2 + 7*d - 3. Let k(l) = -3*h(l) + 2*u(l). What is the units digit of k(-5)?
3
Let a be (66/(-35) - 2/(-7))*-110. Let h = -10 + a. What is the units digit of h?
6
Let l = 3 - 1. Let r be (-12 + 7)*l/(-5). Suppose -r*o - 30 = -3*x - 5*o, -2*x + 4*o - 4 = 0. What is the units digit of x?
6
Let i be 3/5 + (-115)/25. Let n be 9 - ((-2)/2 - i). Suppose -3*w - 27 = -n*w. What is the units digit of w?
9
Let b be 51/(-45) - (-6)/45. Let j be 1 + 2 + b + -3. What is the units digit of 4 - (j + 2 + -2)?
5
Let c(o) = 1025*o**2 + 6*o - 18. What is the hundreds digit of c(2)?
0
What is the tens digit of ((-99)/(-15))/((-3)/(-45))?
9
Let l(y) = -y + y**3 + 2*y**3 + 0*y - y**2 - 2 + 4*y. What is the units digit of l(2)?
4
Let h be 3*(75 + 3 - 6/(-2)). Let d = h - 102. What is the tens digit of d?
4
Let x(a) be the second derivative of -35*a**3/3 - 2*a**2 + 2*a. What is the units digit of x(-1)?
6
Let w(i) = 10*i + 10. Let x(p) = -p + 1. Let y(d) = w(d) - 4*x(d). What is the units digit of y(9)?
2
Suppose -l + 13 = -0*r + 5*r, 5*r - 25 = -5*l. Suppose -r = a - 34. Suppose 2*i - 4*h = a, h + 8 = 3*i - 35. What is the tens digit of i?
1
Let s(v) = -v**3 + 10*v**2 - 19*v + 19. Let d be s(8). What is the tens digit of (-6 + 5 + d/2)*-18?
6
Let a(j) = j**2 + 21*j - 13. Let x be a(9). Let f = -39 + x. What is the tens digit of f?
1
Let a(f) = f**3 + 7*f**2 - 9*f - 4. Let z be a(-8). Suppose 2*t + b = 10, -z*b + 27 = 5*t - b. What is the units digit of -24*(68/(-16) + t)?
0
Suppose 2*l + 2*l - 10048 = 4*g, 0 = 5*l - g - 12568. What is the thousands digit of l?
2
Suppose 10*j - 12*j + 1311 = m, 0 = 5*m - 3*j - 6568. What is the thousands digit of m?
1
Suppose -p + 6346 = -3*z, -6*z + 12704 = 2*p - 8*z. What is the tens digit of p?
5
Suppose 3*c + 2*c = -5. Let d be c + (2/1 - -3). Suppose -o - d*o = -5. What is the units digit of o?
1
What is the tens digit of 481 - (-4 - 0/1)?
8
Let t(c) be the second derivative of c**5/20 + 5*c**4/6 + 5*c**3/6 - 13*c**2/2 - 45*c. What is the units digit of t(-8)?
5
Let r = -834 + 1413. What is the hundreds digit of r?
5
Let w(t) = -t**2 + 3*t + 2. Let c be w(-1). What is the hundreds digit of (-2)/(4*c/604)?
1
Let i(u) = -u**2 + 7*u - 7. Let o be i(4). Suppose 3*t = 5*s + 2 - 3, 2*t + 9 = -o*s. What is the tens digit of 2/(-2)*(s - 26)?
2
Suppose 2 = 3*x - 13. Suppose 3*y - 81 = -2*n + 97, -305 = -x*y - 5*n. What is the units digit of y?
6
Suppose 4*q - 6*r + 2*r - 808 = 0, -r = -2. Suppose -w + 24 = 2*k, -2*w - k = -41 - 4. Suppose w*n - 18*n = q. What is the tens digit of n?
5
Suppose 4*x = -5*l + 42 + 58, -4*x = -3*l - 132. Suppose -h - x = -117. What is the units digit of h?
7
Let d(c) = c**2 - c + 7. Let k be d(5). Suppose 5*n - 23 = k. Suppose n*p - 13*p = -3. What is the units digit of p?
1
Let p(d) = d**3 - 3*d**2 - 9*d - 1. Let o be p(5). Suppose 0 = -o*m + 2*y + 16, 4*m + 7*y - 3*y = 28. What is the units digit of (6 + -2)*m/20?
1
Let z = 1379 - 482. What is the units digit of z?
7
Let y be ((-3)/2)/(2*12/(-64)). Suppose -y*h = t, 3*t - 41 = -3*h - 5. What is the tens digit of t?
1
Let x(t) = -2*t**2. Let q(z) = -9*z**2 + 5*z - 15. Let v(y) = -q(y) + 4*x(y). What is the units digit of v(7)?
9
Let q = -12 - -30. Let h(y) = -5*y**3 + 4*y**2 + 2*y. Let v be h(-2). Suppose -16*f + q*f - v = 0. What is the tens digit of f?
2
Let i = -3 + 207. Let f = 290 - i. What is the units digit of f?
6
Suppose -738 = -3*w - 4*y, y + 40 = 43. What is the hundreds digit of w?
2
Let l(k) = -10*k**2 - 3*k + 2. Let u be l(2). Suppose 2*d + 4*o + 324 = -2*d, 3*o - 61 = d. Let a = u - d. What is the tens digit of a?
3
Let x(l) = -4*l + 13. Let z(i) = i**2 + 2*i - 5. Let a be z(-4). Suppose -t = -n - 3, a*n = -0*n - 3*t - 33. What is the units digit of x(n)?
1
Let f be (-64)/(-10) - (-4)/(-10). Suppose -4*p - 3*y = -f*y + 213, 3*p = 2*y - 159. Let v = -29 - p. What is the tens digit of v?
2
Let v = 46 - -16. Let n = v - -5. What is the tens digit of n?
6
Let j = -13 - -116. What is the units digit of j - (3 - (-20)/(-5))?
4
Suppose -t - 4*z + 331 = 0, -5*t + z = 4*z - 1638. Suppose 7*b - 1048 + t = 0. What is the units digit of b?
3
Let g(m) = 1 + 4 - m**2 - 5 - 18*m. Let q be g(-17). Su